late 4 + (-4 - (-5 + 2 + 0)).
3
What is 4 + -5 + (5 - -1)?
5
Calculate -2 - (-1 - -4 - (-3 - -8)).
0
What is -1 + 1 - (9 + (-13 - -9))?
-5
What is -2 - 1 - (-3 + 5)?
-5
Calculate 0 - -1 - ((-3 - -4) + 0).
0
What is the value of -9 + 14 + -7 - -8?
6
Calculate (-9 - -7) + -3 + 9 + 0.
4
9 + -1 + (-8 - -4)
4
Evaluate 0 - ((8 - -2) + -3).
-7
What is 0 + (1 - 0) - -2?
3
What is the value of 0 - (2 - (-4 - -9))?
3
What is 12 + -13 - (3 - (3 - -2))?
1
What is 0 + (4 + 0 - 0) + -6?
-2
2 - 3 - (-4 + 0 + 9)
-6
Evaluate -4 - (-4 - -3 - (-5 - -2)).
-6
-3 - 1 - (-42 + 45)
-7
16 + (-9 + 7 - 7)
7
Calculate 6 - 2 - (1 + 0 - -5).
-2
Evaluate (-2 - (1 + -5)) + -1 + 1.
2
What is 10 + 1 + -3 - 3?
5
What is (24 - 10) + -1 + -6?
7
What is 3 + (-1 - -2) + 1?
5
What is 5 + (-9 + 7 - (2 - 1))?
2
Evaluate 0 + (2 - -1) - 5.
-2
Calculate (10 - (-4 + 6)) + -4 + 0.
4
(1 - (-5 - 2 - -5)) + -3
0
Evaluate 6 - (-8 + 2 - -13).
-1
(-22 - -23) + (0 - (0 + 2))
-1
Evaluate (2 - -1) + 7 + -8 + -4.
-2
0 + 4 + (32 - 32) + 3
7
What is -1 + 2 + -3 + (-33 - -29)?
-6
(1 + 1 - 0) + -3
-1
Calculate (6 - 12) + 12 - 0.
6
Evaluate 10 + (-6 - -1) - (-1 - -1).
5
Calculate -1 - 3 - (1 + 3 + -8).
0
Calculate (-41 - -45) + (-1 - 1).
2
What is the value of -1 + -7 + 7 + (-12 - -8)?
-5
What is (-2 - (8 + -4)) + 2?
-4
Calculate 2 + 4 + -8 + 1 - -3.
2
What is 2 - (0 + 0 + -1 - -3)?
0
Calculate 3 + -1 + 7 + -6.
3
(11 - (15 + 8)) + 1 + 7
-4
Calculate (1 + 2 - -1) + -6.
-2
What is the value of 2 + (-3 - (-3 - -3)) - -3?
2
What is the value of 0 - (12 + -8 + -12)?
8
What is the value of (-73 - -69) + 5 + 1?
2
What is (3 - 4) + (-5 - -8)?
2
-1 - -3 - (-8 - (-1 + -5))
4
What is -2 + 4 - (-3 + 0)?
5
What is the value of 3 + 3 - (2 - 4)?
8
Evaluate 4 + 1 + (-5 - (-5 + 2)).
3
Evaluate 4 - (15 - 3) - (2 - 3).
-7
What is the value of (-2 - (-7 + 11)) + -1 + 3?
-4
Calculate 0 + (-24 + 29 - (-1 + 5)).
1
Evaluate -10 + (15 - 8) - -3.
0
Evaluate (-5 - -6) + 1 - 3.
-1
Calculate 7 - (-3 + 13 + -5).
2
What is 22 + -17 - (0 - -12) - -14?
7
What is the value of (-8 - -10) + -5 + 5?
2
5 - (-2 - 2 - (-14 + 7))
2
What is the value of 2 - 4 - (0 + 0 - -3)?
-5
What is 23 + -9 + (-1 - 8)?
5
Calculate -8 + (-12 + 0 - -15).
-5
Evaluate 2 - (7 + -7 + 5).
-3
What is the value of (-9 - -9 - -5) + -9?
-4
0 - -6 - (0 - -1)
5
What is 1 + -5 + (-3 - (-1 + 0))?
-6
What is -5 + (-2 - -7) + -6 - 0?
-6
What is the value of 2 + 0 + 6 + -1 - 3?
4
What is -12 + (5 - (4 - -10) - -13)?
-8
What is (-154 - -158) + -3 + 0?
1
-1 + 0 + (4 - -2 - 3)
2
What is the value of (2 - 0) + -1 + (4 - 9)?
-4
What is the value of 0 + -3 + 10 + -4?
3
1 + 7 + (-35 - -29)
2
-1 + 8 + -7 + (6 - 2)
4
-1 + -2 - (-2 - -4 - 2)
-3
What is 10 - 5 - (2 + -2 + 3)?
2
Evaluate 4 + 0 + (-16 - -16) - 5.
-1
Calculate 0 - 1 - ((-1 - -5) + -3).
-2
4 - (1 + (0 - (-1 - -2)))
4
What is -5 + 1 + (-14 - -17)?
-1
What is the value of -2 + (-3 - -3 - 0) + 4?
2
Calculate 5 + -5 + 3 + 4 + -7.
0
What is the value of (-4 - 19) + 10 - -10?
-3
7 + -5 + (2 - 0) + 1
5
1 - -5 - (-2 - -3 - -4)
1
Evaluate 8 + (-12 - (-6 + 3)).
-1
Evaluate -3 - (-2 - (-8 + 5)) - -8.
4
Calculate (8 - 0) + (-100 - -100).
8
Evaluate -7 + (16 + -1 - 7).
1
What is 7 - 3 - (-3 - (-9 + 2))?
0
What is (4 - 19) + 8 + (6 - 1)?
-2
Evaluate 7 + -5 - (7 + -2).
-3
What is the value of -3 + 11 + -19 - -11?
0
What is -3 - (-4 + -3 + (6 - -1))?
-3
-8 - -2 - -1 - -10
5
(-4 - (-2 + 3)) + 7
2
0 - (5 - (0 - -4) - 2)
1
What is -1 + (-16 + 7 - -3)?
-7
Calculate (-1 - 0) + (-12 + 6 - -9).
2
5 - (8 - (-8 + 16))
5
What is (7 - 5) + 4 + -6 + 0?
0
Calculate -7 + (2 - (2 - 5)) - 1.
-3
Evaluate 0 - 0 - -6 - 7 - -9.
8
What is the value of (0 - 1 - -5) + 165 + -171?
-2
What is the value of 1 - (-2 - -2) - (4 + -2)?
-1
Evaluate -3 - ((3 - -1) + -6 + 2).
-3
Calculate -7 - 1 - (-13 + 1).
4
What is 2 - (10 - 3 - (6 + 1))?
2
7 - (-4 - -6 - -2)
3
What is the value of -1 - -2 - -3 - (7 - 5)?
2
3 - (5 + -2 - (-3 + 8))
5
5 - (12 + -1 + -7)
1
Evaluate 14 - 10 - (-3 - -2).
5
What is the value of 17 - (1 - -4 - -5)?
7
Calculate 1 + 1 + 0 + -4.
-2
Calculate (-4 - (-8 + 6)) + 0 + -1.
-3
What is the value of -5 - 0 - (1 + 3)?
-9
What is (-1 + 0 - 3) + 1?
-3
Evaluate -2 - (-2 - (-2 - -2)).
0
Calculate -2 - (-10 - -3 - (-2 - -1)).
4
6 - ((-6 - (-10 - -5)) + 5)
2
What is the value of 5 - 1 - (3 + 2)?
-1
What is 2 + (34 - 33 - (1 - 3))?
5
Evaluate 2 - -3 - 1 - 9.
-5
-3 - -7 - -1 - 4
1
Evaluate 3 - (-9 - (-3 + -9)).
0
What is 15 + -8 - (14 - -1)?
-8
What is 3 + -2 + 7 - 6 - 8?
-6
Calculate (-1 + 1 - -2 - -3) + -3.
2
What is the value of (-3 - 1) + (-12 - -20)?
4
What is the value of -22 - -21 - (-3 - -1)?
1
Calculate -16 + 5 + 5 + (0 - 0).
-6
-3 - (-3 + -7 + 6)
1
Evaluate 5 + (-2 - 17) + 5 + -1.
-10
1 - (9 - (0 - -4))
-4
-3 - (-2 - -3 - (2 - 1))
-3
Evaluate 4 + -3 - (0 + 0 + 0).
1
What is the value of -3 - (3 + (4 - 8) + 2)?
-4
Evaluate -4 + 2 - (-2 + 0 + 0).
0
Calculate (2 - 0) + -2 + 2 + 4.
6
What is 0 + -5 + 2 + -2 + 1?
-4
Evaluate 1 - (-3 - (-3 + 3 + -3)).
1
What is the value of -1 + -5 - (-14 - (4 - 14))?
-2
What is (-3 - 1) + (4 - (-17 - -14))?
3
(2 - 7) + 9 + -3
1
Calculate -16 + 15 - (3 + 3 + -8).
1
What is the value of 1 + 8 - 5 - (2 - -1)?
1
Calculate (-1 + -1 - -1) + -19 + 22.
2
What is the value of -1 - (2 - 3 - (-1 - -3))?
2
Calculate (7 - (8 - 0)) + -2 + -2.
-5
What is (2 - (2 - (-1 + 9))) + -15?
-7
Evaluate 0 + -4 + (3 - (0 + -5)).
4
What is (1 - (2 - 4)) + -26 + 26?
3
What is (-2 + 5 - -1) + -7 + 2?
-1
What is the value of -10 - (-2 + -7 + -1)?
0
Evaluate 0 + (-2 + -5 - 3).
-10
Evaluate (-1 - -2 - -1) + -2.
0
What is the value of -6 - -17 - 6 - (-2 - -2)?
5
Calculate 6 + 0 + (1 - -3) + -4.
6
Evaluate 22 - 17 - (-7 + 5).
7
Calculate -4 + 0 - (-112 + 115).
-7
-3 - ((2 - (1 + 1)) + -8)
5
-4 - (0 - (-4 - -7 - 4))
-5
What is the value of (-4 - (0 - (2 + -2))) + -1?
-5
What is the value of 1 + -2 + 3 + 0 - -2?
4
Evaluate -7 + (-1 - -2 - (1 + -7)).
0
Calculate 2 + -6 - (-12 + (3 - -8)).
-3
What is (-3 - 0) + (0 - -3)?
0
Calculate 1 + 4 - (8 + -6 + 2).
1
Calculate -1 - ((-2 - -3) + -2 + -2).
2
What is (-5 - -3) + -3 + (1 - 3)?
-7
What is 39 + -38 - (-2 + 5 + -3)?
1
(2 - -1 - 3) + 2
2
Calculate (-3 - 0) + (3 + 0 - 5).
-5
What is (-10 - -2) + (-4 - -7)?
-5
Calculate (-80 - -74) + 12 + (0 - 0).
6
What is 0 + -2 + 0 - (-10 - -4)?
4
Calculate 3 + -7 + 0 + 1.
-3
(0 - (-3 - -4)) + 0 + 1
0
What is the value of -2 + -2 + 2 - -4?
2
What is -4 + -2 + 7 + -12 + 4?
-7
Calculate -5 + (-5 + 2 - (-6 - -4)).
-6
Calculate 5 - (-1 - (-4 - 0 - -1)).
3
-1 - (-2 + 3 + 3)
-5
What is the value of 6 - 1 - 8 - (-1 + -1)?
-1
What is 4 + 0 + 1 + -12 + 2?
-5
Calculate (-6 - (-5 - (14 - 7))) + -11.
-5
Evaluate -2 - (-6 - -9 - (0 - -9)).
4
What is -5 - (10 - 28) - 7?
6
Calculate 13 + -6 - (3 - -1).
3
What is the value of -4 - (3 + -5 + 3)?
-5
What is 1 - (2 + (-4 - 0))?
3
Calculate 1 + -5 + (0 - -5 - 5).
-4
What is the value of -3 + (8 - 3) + -6?
-4
What is the value of (-1 - 13) + 6 - -6?
-2
What is 10 - (14 + -7) - 7?
-4
1 + -1 - (0 + -2)
2
2 + (6 - 16 - -6) + -3
-5
Calculate 12 + (-3 - 8) + 2.
3
What is the value of 5 - (-4 - (5 + (-7 - 7)))?
0
Evaluate (-12 - -23 - 13) + -2 + -1.
-5
Evaluate (-1 + 4 - (-1 + 2)) + 0.
2
1 - 2 - (-7 + 3 + 2)
1
What is (3 - 5) + (0 - 1)?
-3
(0 - (-6 + -1)) + (78 - 88)
-3
Evaluate -5 - -3 - -2 - (1 + -4).
3
What is -2 - (-13 - (-14 + 7))?
4
What is (2 + 0 - 3) + -2?
-3
What is 5 + -13 - (-4 + (2 - 2))?
-4
Calculate 3 - (0 - (6 - 14)).
-5
Calculate (7 - -9 - 9) + -13.
-6
What is (-1 - 0) + (-2 - 1)?
-4
(-8 + 1 - -1) + (-100 - -102)
-4
-6 - (-8 - -7) - -3
-2
What is (11 - 12) + -1 + 7?
5
What is -1 - (3 - 0 - 2)?
-2
Evaluate (7 - (20 + (-1 - 5))) + 11.
4
Evaluate 17 - (24 - (19 + -8)).
4
(8 - (-5 - -6)) + (0 - 2)
5
What is the value of -3 + 2 + (-11 - -16) + -9?
-5
9 - 6 - (-4 + 6)
1
What is -35 + 40 - (1 + -2)?
6
What is the value of 24 + -13 + -5 + -6 + 0?
0
Evaluate -5 + 3 + -2 + 4.
0
Evaluate -5 - (-7 + 1 + -4).
5
What is the value of (0 - 4) + 6 + -3 + 6?
5
What is the value of -23 - (4 + -21) - (-1 - 5)?
0
What is 0 + 0 + -15 + 14?
-1
What is the value of -7 + 1 + -26 + 32?
0
Calculate -11 + -4 + (5 - 0) + 5.
-5
(-1 - -3) + 2 + -8
-4
Evaluate 4 + 5 + -9 - -1.
1
-2 + -1 + -4 + 4 + 0
-3
-5 - -1 - (4 + 8 + -11)
-5
Calculate -2 + -1 + -8 + 22 + -12.
-1
W